[INFO] cloning repository https://github.com/swordsmanluke/weather_hud
[INFO] running `Command { std: "git" "-c" "credential.helper=" "-c" "credential.helper=/workspace/cargo-home/bin/git-credential-null" "clone" "--bare" "https://github.com/swordsmanluke/weather_hud" "/workspace/cache/git-repos/https%3A%2F%2Fgithub.com%2Fswordsmanluke%2Fweather_hud", kill_on_drop: false }`
[INFO] [stderr] Cloning into bare repository '/workspace/cache/git-repos/https%3A%2F%2Fgithub.com%2Fswordsmanluke%2Fweather_hud'...
[INFO] running `Command { std: "git" "rev-parse" "HEAD", kill_on_drop: false }`
[INFO] [stdout] 026b5adb67796279df0beb77551dfccf6cc4b518
[INFO] checking swordsmanluke/weather_hud against try#72f88fc4e9458f89516a0b8b0868f3718aec5b47 for pr-74989
[INFO] running `Command { std: "git" "clone" "/workspace/cache/git-repos/https%3A%2F%2Fgithub.com%2Fswordsmanluke%2Fweather_hud" "/workspace/builds/worker-3/source", kill_on_drop: false }`
[INFO] [stderr] Cloning into '/workspace/builds/worker-3/source'...
[INFO] [stderr] done.
[INFO] validating manifest of git repo https://github.com/swordsmanluke/weather_hud on toolchain 72f88fc4e9458f89516a0b8b0868f3718aec5b47
[INFO] running `Command { std: "/workspace/cargo-home/bin/cargo" "+72f88fc4e9458f89516a0b8b0868f3718aec5b47" "read-manifest" "--manifest-path" "Cargo.toml", kill_on_drop: false }`
[INFO] started tweaking git repo https://github.com/swordsmanluke/weather_hud
[INFO] finished tweaking git repo https://github.com/swordsmanluke/weather_hud
[INFO] tweaked toml for git repo https://github.com/swordsmanluke/weather_hud written to /workspace/builds/worker-3/source/Cargo.toml
[INFO] crate git repo https://github.com/swordsmanluke/weather_hud already has a lockfile, it will not be regenerated
[INFO] running `Command { std: "/workspace/cargo-home/bin/cargo" "+72f88fc4e9458f89516a0b8b0868f3718aec5b47" "fetch" "--locked" "--manifest-path" "Cargo.toml", kill_on_drop: false }`
[INFO] [stderr]  Downloading crates ...
[INFO] [stderr]   Downloaded restson v0.6.0
[INFO] running `Command { std: "docker" "create" "-v" "/var/lib/crater-agent-workspace/builds/worker-3/target:/opt/rustwide/target:rw,Z" "-v" "/var/lib/crater-agent-workspace/builds/worker-3/source:/opt/rustwide/workdir:ro,Z" "-v" "/var/lib/crater-agent-workspace/cargo-home:/opt/rustwide/cargo-home:ro,Z" "-v" "/var/lib/crater-agent-workspace/rustup-home:/opt/rustwide/rustup-home:ro,Z" "-e" "SOURCE_DIR=/opt/rustwide/workdir" "-e" "CARGO_TARGET_DIR=/opt/rustwide/target" "-e" "CARGO_HOME=/opt/rustwide/cargo-home" "-e" "RUSTUP_HOME=/opt/rustwide/rustup-home" "-w" "/opt/rustwide/workdir" "-m" "1610612736" "--user" "0:0" "--network" "none" "rustops/crates-build-env@sha256:d92eaeed33fa75130ca1ee6c8a01d1ffb62bac859dfdfb3450e3e5d1c0146529" "/opt/rustwide/cargo-home/bin/cargo" "+72f88fc4e9458f89516a0b8b0868f3718aec5b47" "metadata" "--no-deps" "--format-version=1", kill_on_drop: false }`
[INFO] [stdout] e57c1f9dc0eeac92d71c1bd1028e4e520edd7a62a3c046dc5b54fc8389f491a5
[INFO] [stderr] WARNING: Your kernel does not support swap limit capabilities or the cgroup is not mounted. Memory limited without swap.
[INFO] running `Command { std: "docker" "start" "-a" "e57c1f9dc0eeac92d71c1bd1028e4e520edd7a62a3c046dc5b54fc8389f491a5", kill_on_drop: false }`
[INFO] running `Command { std: "docker" "inspect" "e57c1f9dc0eeac92d71c1bd1028e4e520edd7a62a3c046dc5b54fc8389f491a5", kill_on_drop: false }`
[INFO] running `Command { std: "docker" "rm" "-f" "e57c1f9dc0eeac92d71c1bd1028e4e520edd7a62a3c046dc5b54fc8389f491a5", kill_on_drop: false }`
[INFO] [stdout] e57c1f9dc0eeac92d71c1bd1028e4e520edd7a62a3c046dc5b54fc8389f491a5
[INFO] running `Command { std: "docker" "create" "-v" "/var/lib/crater-agent-workspace/builds/worker-3/target:/opt/rustwide/target:rw,Z" "-v" "/var/lib/crater-agent-workspace/builds/worker-3/source:/opt/rustwide/workdir:ro,Z" "-v" "/var/lib/crater-agent-workspace/cargo-home:/opt/rustwide/cargo-home:ro,Z" "-v" "/var/lib/crater-agent-workspace/rustup-home:/opt/rustwide/rustup-home:ro,Z" "-e" "SOURCE_DIR=/opt/rustwide/workdir" "-e" "CARGO_TARGET_DIR=/opt/rustwide/target" "-e" "CARGO_INCREMENTAL=0" "-e" "RUST_BACKTRACE=full" "-e" "RUSTFLAGS=--cap-lints=forbid" "-e" "CARGO_HOME=/opt/rustwide/cargo-home" "-e" "RUSTUP_HOME=/opt/rustwide/rustup-home" "-w" "/opt/rustwide/workdir" "-m" "1610612736" "--user" "0:0" "--network" "none" "rustops/crates-build-env@sha256:d92eaeed33fa75130ca1ee6c8a01d1ffb62bac859dfdfb3450e3e5d1c0146529" "/opt/rustwide/cargo-home/bin/cargo" "+72f88fc4e9458f89516a0b8b0868f3718aec5b47" "check" "--frozen" "--all" "--all-targets" "--message-format=json", kill_on_drop: false }`
[INFO] [stderr] WARNING: Your kernel does not support swap limit capabilities or the cgroup is not mounted. Memory limited without swap.
[INFO] [stdout] 8ca75fc6dd1d8f35bb9f0b5e1e6669a479a7c2dfdd096bff9b750c9e043b4cd4
[INFO] running `Command { std: "docker" "start" "-a" "8ca75fc6dd1d8f35bb9f0b5e1e6669a479a7c2dfdd096bff9b750c9e043b4cd4", kill_on_drop: false }`
[INFO] [stderr]    Compiling syn v1.0.17
[INFO] [stderr]     Checking futures-core v0.3.4
[INFO] [stderr]    Compiling pkg-config v0.3.17
[INFO] [stderr]     Checking futures-sink v0.3.4
[INFO] [stderr]    Compiling proc-macro-nested v0.1.4
[INFO] [stderr]     Checking bytes v0.5.4
[INFO] [stderr]     Checking arc-swap v0.4.5
[INFO] [stderr]     Checking itoa v0.4.5
[INFO] [stderr]     Checking futures-io v0.3.4
[INFO] [stderr]     Checking pin-project-lite v0.1.4
[INFO] [stderr]     Checking futures-task v0.3.4
[INFO] [stderr]    Compiling serde v1.0.106
[INFO] [stderr]     Checking tower-service v0.3.0
[INFO] [stderr]     Checking percent-encoding v2.1.0
[INFO] [stderr]     Checking base64 v0.11.0
[INFO] [stderr]     Checking argparse v0.2.2
[INFO] [stderr]    Compiling num-traits v0.2.11
[INFO] [stderr]    Compiling num-integer v0.1.42
[INFO] [stderr]     Checking futures-channel v0.3.4
[INFO] [stderr]    Compiling proc-macro2 v1.0.10
[INFO] [stderr]     Checking log v0.4.8
[INFO] [stderr]     Checking idna v0.2.0
[INFO] [stderr]     Checking net2 v0.2.33
[INFO] [stderr]     Checking signal-hook-registry v1.2.0
[INFO] [stderr]     Checking colored v1.9.3
[INFO] [stderr]     Checking want v0.3.0
[INFO] [stderr]     Checking mio v0.6.21
[INFO] [stderr]     Checking http v0.2.1
[INFO] [stderr]    Compiling openssl-sys v0.9.55
[INFO] [stderr]     Checking url v2.1.1
[INFO] [stderr]    Compiling quote v1.0.3
[INFO] [stderr]     Checking mio-uds v0.6.7
[INFO] [stderr]    Compiling openssl v0.10.29
[INFO] [stderr]    Compiling native-tls v0.2.4
[INFO] [stderr]     Checking http-body v0.3.1
[INFO] [stderr]     Checking serde_json v1.0.51
[INFO] [stderr]     Checking chrono v0.4.11
[INFO] [stderr]    Compiling futures-macro v0.3.4
[INFO] [stderr]    Compiling tokio-macros v0.2.5
[INFO] [stderr]    Compiling pin-project-internal v0.4.9
[INFO] [stderr]    Compiling serde_derive v1.0.106
[INFO] [stderr]     Checking tokio v0.2.18
[INFO] [stderr]     Checking futures-util v0.3.4
[INFO] [stderr]     Checking pin-project v0.4.9
[INFO] [stderr]     Checking futures-executor v0.3.4
[INFO] [stderr]     Checking futures v0.3.4
[INFO] [stderr]     Checking tokio-util v0.3.1
[INFO] [stderr]     Checking tokio-tls v0.3.0
[INFO] [stderr]     Checking h2 v0.2.4
[INFO] [stderr]     Checking hyper v0.13.5
[INFO] [stderr]     Checking hyper-tls v0.4.1
[INFO] [stderr]     Checking restson v0.6.0
[INFO] [stderr]     Checking weather_hud v0.1.0 (/opt/rustwide/workdir)
[INFO] [stdout] warning: unused import: `Store`
[INFO] [stdout]  --> src/main.rs:7:32
[INFO] [stdout]   |
[INFO] [stdout] 7 | use argparse::{ArgumentParser, Store, StoreTrue};
[INFO] [stdout]   |                                ^^^^^
[INFO] [stdout]   |
[INFO] [stdout]   = note: `#[warn(unused_imports)]` on by default
[INFO] [stdout] 
[INFO] [stdout] 
[INFO] [stdout] warning: unused import: `Timelike`
[INFO] [stdout]   --> src/main.rs:14:33
[INFO] [stdout]    |
[INFO] [stdout] 14 | use chrono::{Datelike, Weekday, Timelike};
[INFO] [stdout]    |                                 ^^^^^^^^
[INFO] [stdout] 
[INFO] [stdout] 
[INFO] [stdout] warning: unused import: `WeatherFormatter`
[INFO] [stdout]  --> src/darksky_forecaster.rs:1:45
[INFO] [stdout]   |
[INFO] [stdout] 1 | use crate::forecast::{Forecast, Forecaster, WeatherFormatter, Weather};
[INFO] [stdout]   |                                             ^^^^^^^^^^^^^^^^
[INFO] [stdout] 
[INFO] [stdout] 
[INFO] [stdout] warning: unused import: `SerializeParseError`
[INFO] [stdout]   --> src/darksky_forecaster.rs:85:43
[INFO] [stdout]    |
[INFO] [stdout] 85 |     use restson::Error::{HttpClientError, SerializeParseError};
[INFO] [stdout]    |                                           ^^^^^^^^^^^^^^^^^^^
[INFO] [stdout] 
[INFO] [stdout] 
[INFO] [stdout] warning: unused import: `Store`
[INFO] [stdout]  --> src/main.rs:7:32
[INFO] [stdout]   |
[INFO] [stdout] 7 | use argparse::{ArgumentParser, Store, StoreTrue};
[INFO] [stdout]   |                                ^^^^^
[INFO] [stdout]   |
[INFO] [stdout]   = note: `#[warn(unused_imports)]` on by default
[INFO] [stdout] 
[INFO] [stdout] 
[INFO] [stdout] warning: unused import: `Timelike`
[INFO] [stdout]   --> src/main.rs:14:33
[INFO] [stdout]    |
[INFO] [stdout] 14 | use chrono::{Datelike, Weekday, Timelike};
[INFO] [stdout]    |                                 ^^^^^^^^
[INFO] [stdout] 
[INFO] [stdout] 
[INFO] [stdout] warning: unused import: `WeatherFormatter`
[INFO] [stdout]  --> src/darksky_forecaster.rs:1:45
[INFO] [stdout]   |
[INFO] [stdout] 1 | use crate::forecast::{Forecast, Forecaster, WeatherFormatter, Weather};
[INFO] [stdout]   |                                             ^^^^^^^^^^^^^^^^
[INFO] [stdout] 
[INFO] [stdout] 
[INFO] [stdout] error[E0560]: struct `darksky_client::DSForecast` has no field named `precipProbability`
[INFO] [stdout]    --> src/darksky_forecaster.rs:143:17
[INFO] [stdout]     |
[INFO] [stdout] 143 |                 precipProbability: 0.0,
[INFO] [stdout]     |                 ^^^^^^^^^^^^^^^^^ help: a field with a similar name exists: `precip_probability`
[INFO] [stdout] 
[INFO] [stdout] 
[INFO] [stdout] warning: unused variable: `e`
[INFO] [stdout]   --> src/main.rs:89:13
[INFO] [stdout]    |
[INFO] [stdout] 89 |         Err(e) => {} // If we didn't get the current conditions, just skip it
[INFO] [stdout]    |             ^ help: if this is intentional, prefix it with an underscore: `_e`
[INFO] [stdout]    |
[INFO] [stdout]    = note: `#[warn(unused_variables)]` on by default
[INFO] [stdout] 
[INFO] [stdout] 
[INFO] [stdout] warning: variable does not need to be mutable
[INFO] [stdout]    --> src/main.rs:102:9
[INFO] [stdout]     |
[INFO] [stdout] 102 |     let mut dsf = DarkSkyForecaster::new(Box::new(dsc));
[INFO] [stdout]     |         ----^^^
[INFO] [stdout]     |         |
[INFO] [stdout]     |         help: remove this `mut`
[INFO] [stdout]     |
[INFO] [stdout]     = note: `#[warn(unused_mut)]` on by default
[INFO] [stdout] 
[INFO] [stdout] 
[INFO] [stdout] warning: variable does not need to be mutable
[INFO] [stdout]   --> src/darksky_client.rs:60:13
[INFO] [stdout]    |
[INFO] [stdout] 60 |         let mut client = RestClient::new(URL_BASE)?;
[INFO] [stdout]    |             ----^^^^^^
[INFO] [stdout]    |             |
[INFO] [stdout]    |             help: remove this `mut`
[INFO] [stdout] 
[INFO] [stdout] 
[INFO] [stdout] warning: variant is never constructed: `Showers`
[INFO] [stdout]  --> src/forecast.rs:9:5
[INFO] [stdout]   |
[INFO] [stdout] 9 |     Showers,
[INFO] [stdout]   |     ^^^^^^^
[INFO] [stdout]   |
[INFO] [stdout]   = note: `#[warn(dead_code)]` on by default
[INFO] [stdout] 
[INFO] [stdout] 
[INFO] [stdout] warning: 7 warnings emitted
[INFO] [stdout] 
[INFO] [stdout] 
[INFO] [stdout] error[E0308]: mismatched types
[INFO] [stdout]    --> src/darksky_forecaster.rs:144:35
[INFO] [stdout]     |
[INFO] [stdout] 144 |                 temperature_high: 66.3,
[INFO] [stdout]     |                                   ^^^^
[INFO] [stdout]     |                                   |
[INFO] [stdout]     |                                   expected enum `std::option::Option`, found floating-point number
[INFO] [stdout]     |                                   help: try using a variant of the expected enum: `_IMPL_DESERIALIZE_FOR_ApiToken::_serde::export::Some(66.3)`
[INFO] [stdout]     |
[INFO] [stdout]     = note: expected enum `std::option::Option<f32>`
[INFO] [stdout]                found type `{float}`
[INFO] [stdout] 
[INFO] [stdout] 
[INFO] [stdout] error[E0308]: mismatched types
[INFO] [stdout]    --> src/darksky_forecaster.rs:145:34
[INFO] [stdout]     |
[INFO] [stdout] 145 |                 temperature_low: 42.5,
[INFO] [stdout]     |                                  ^^^^
[INFO] [stdout]     |                                  |
[INFO] [stdout]     |                                  expected enum `std::option::Option`, found floating-point number
[INFO] [stdout]     |                                  help: try using a variant of the expected enum: `_IMPL_DESERIALIZE_FOR_ApiToken::_serde::export::Some(42.5)`
[INFO] [stdout]     |
[INFO] [stdout]     = note: expected enum `std::option::Option<f32>`
[INFO] [stdout]                found type `{float}`
[INFO] [stdout] 
[INFO] [stdout] 
[INFO] [stdout] error[E0560]: struct `darksky_client::DSForecast` has no field named `precipProbability`
[INFO] [stdout]    --> src/darksky_forecaster.rs:152:17
[INFO] [stdout]     |
[INFO] [stdout] 152 |                 precipProbability: 0.0,
[INFO] [stdout]     |                 ^^^^^^^^^^^^^^^^^ help: a field with a similar name exists: `precip_probability`
[INFO] [stdout] 
[INFO] [stdout] 
[INFO] [stdout] error[E0308]: mismatched types
[INFO] [stdout]    --> src/darksky_forecaster.rs:153:35
[INFO] [stdout]     |
[INFO] [stdout] 153 |                 temperature_high: 66.3,
[INFO] [stdout]     |                                   ^^^^
[INFO] [stdout]     |                                   |
[INFO] [stdout]     |                                   expected enum `std::option::Option`, found floating-point number
[INFO] [stdout]     |                                   help: try using a variant of the expected enum: `_IMPL_DESERIALIZE_FOR_ApiToken::_serde::export::Some(66.3)`
[INFO] [stdout]     |
[INFO] [stdout]     = note: expected enum `std::option::Option<f32>`
[INFO] [stdout]                found type `{float}`
[INFO] [stdout] 
[INFO] [stdout] 
[INFO] [stdout] error[E0308]: mismatched types
[INFO] [stdout]    --> src/darksky_forecaster.rs:154:34
[INFO] [stdout]     |
[INFO] [stdout] 154 |                 temperature_low: 42.5,
[INFO] [stdout]     |                                  ^^^^
[INFO] [stdout]     |                                  |
[INFO] [stdout]     |                                  expected enum `std::option::Option`, found floating-point number
[INFO] [stdout]     |                                  help: try using a variant of the expected enum: `_IMPL_DESERIALIZE_FOR_ApiToken::_serde::export::Some(42.5)`
[INFO] [stdout]     |
[INFO] [stdout]     = note: expected enum `std::option::Option<f32>`
[INFO] [stdout]                found type `{float}`
[INFO] [stdout] 
[INFO] [stdout] 
[INFO] [stdout] error[E0308]: mismatched types
[INFO] [stdout]    --> src/darksky_forecaster.rs:156:102
[INFO] [stdout]     |
[INFO] [stdout] 156 |             currently: DSCurrent { temperature: 56.2, icon: "sunny".to_string(), precip_probability: 0.0 }
[INFO] [stdout]     |                                                                                                      ^^^
[INFO] [stdout]     |                                                                                                      |
[INFO] [stdout]     |                                                                                                      expected enum `std::option::Option`, found floating-point number
[INFO] [stdout]     |                                                                                                      help: try using a variant of the expected enum: `_IMPL_DESERIALIZE_FOR_ApiToken::_serde::export::Some(0.0)`
[INFO] [stdout]     |
[INFO] [stdout]     = note: expected enum `std::option::Option<f32>`
[INFO] [stdout]                found type `{float}`
[INFO] [stdout] 
[INFO] [stdout] 
[INFO] [stdout] error: aborting due to 7 previous errors; 4 warnings emitted
[INFO] [stdout] 
[INFO] [stdout] 
[INFO] [stdout] Some errors have detailed explanations: E0308, E0560.
[INFO] [stdout] 
[INFO] [stdout] For more information about an error, try `rustc --explain E0308`.
[INFO] [stdout] 
[INFO] [stderr] error: could not compile `weather_hud`.
[INFO] [stderr] 
[INFO] [stderr] To learn more, run the command again with --verbose.
[INFO] running `Command { std: "docker" "inspect" "8ca75fc6dd1d8f35bb9f0b5e1e6669a479a7c2dfdd096bff9b750c9e043b4cd4", kill_on_drop: false }`
[INFO] running `Command { std: "docker" "rm" "-f" "8ca75fc6dd1d8f35bb9f0b5e1e6669a479a7c2dfdd096bff9b750c9e043b4cd4", kill_on_drop: false }`
[INFO] [stdout] 8ca75fc6dd1d8f35bb9f0b5e1e6669a479a7c2dfdd096bff9b750c9e043b4cd4
